 s(i) = -27*i - 211. Let d be s(-9). Calculate the highest common factor of d and 236.
4
Let n(r) = 45*r**2 + 4*r. Let v be n(4). Let x = -111 + v. Suppose 5*h = x + 200. What is the highest common divisor of h and 15?
15
Let d = 5 + -138. Let n = -7 - d. Let w(u) = u**2 + u - 2. Let c be w(-5). Calculate the highest common divisor of n and c.
18
Suppose 0 = -4*o - 5*p, 0 = -0*o - 4*o + p. Suppose 6*y - 9*y + 36 = o. What is the greatest common factor of y and 6?
6
Suppose -j + 36 = -4*d, 9*j - 90 = 7*j - d. Let t = 3 - -1. Suppose -t*y - p + 2*p = -j, -3*y + 22 = 2*p. What is the highest common factor of 90 and y?
10
Suppose 0 = -11*y + 7*y + 840. Suppose -25*v + 20*v + y = 0. Let i = 1 + 5. What is the highest common factor of i and v?
6
Suppose 21 = 3*x - 9. Suppose -260 = -7*g + 4*g - 2*h, 200 = 2*g - 4*h. What is the highest common factor of g and x?
10
Let b be -4 + (-16)/(-2) + 3. Suppose 3*j - 4*m = -b, -11 = -4*j - 2*m + 9. Let u(p) = 3*p - 2. Let h be u(j). What is the greatest common divisor of h and 56?
7
Suppose 7*p = -284 - 108. Let r be (-13)/4*-15 + (-14)/p. What is the highest common divisor of 7 and r?
7
Suppose 9*s + 158 = 5*g + 5*s, 0 = 5*g - 2*s - 154. What is the greatest common factor of g and 105?
15
Suppose 5*b - 52 = -2*r, -2*r - 244*b + 249*b - 8 = 0. Let o(p) = -23*p - 1. Let z be o(-1). Calculate the greatest common factor of z and r.
11
Let n(a) = -2*a**3 - 5*a**2 - 3*a + 5. Let x be n(-2). What is the highest common divisor of x and 679?
7
Let w = -7 - -9. Suppose -3*j + 5*j = -2*t + 24, 4*j = -w*t + 14. Let o = -56 - -243. What is the greatest common divisor of o and t?
17
Suppose 0 = w + 6 - 13. Let p(i) = 3*i - 2. Let f be p(w). Let n = 100 + 71. Calculate the greatest common factor of f and n.
19
Let m = -1504 - -1527. Calculate the highest common divisor of 1242 and m.
23
Let t be (1 - 1*8) + (-39960)/(-90). What is the greatest common divisor of 19 and t?
19
Let y(b) = -b**2 - 6*b - 3. Let v be y(-2). Suppose 2*d - 4 = 0, -v*o + 448 = -5*d - 52. Let u = o + -47. What is the highest common factor of u and 5?
5
Let h = 40 + 70. Let k = 1465 + -1455. What is the greatest common factor of h and k?
10
Suppose 3*y + 2*y + 270 = 0. Let k be y/(-21) - (-9)/21. Suppose -4*q + 161 = k*u + 42, -5*u + 2*q + 233 = 0. What is the highest common divisor of 5 and u?
5
Let w(a) = 7*a - 9. Let g be (6/(-4))/(3/(-12)). Let c be w(g). Calculate the greatest common factor of 363 and c.
33
Let s(w) = -18*w - 21*w + 42*w + 3 - 4*w**3 - 3*w**2. Let j be s(-3). What is the highest common divisor of j and 50?
25
Let m(u) = 11*u**3 - 2*u**2 + 2. Let o be m(2). Let g = -337 + 282. Let l = g + o. Calculate the greatest common divisor of l and 27.
27
Let u = 949 - 933. What is the highest common divisor of u and 16?
16
Let d = -13 + 19. Let o be (-2)/(10/(-3) + (8 - 5)). What is the highest common divisor of d and o?
6
Suppose 0 = -2*s + t + 2*t + 14, 2*s + 4*t = 0. Let i = s + 13. Let f be 1/(6/(-34))*-3. What is the greatest common divisor of f and i?
17
Let y(d) = 20*d - 48. Let c be y(9). Calculate the highest common factor of 330 and c.
66
Let l(i) = i**3 + 6*i**2 - 3*i - 31. Let t be l(-3). Calculate the highest common factor of t and 605.
5
Suppose 3*v + 378 = 72. Let k = -15 - v. Let t be 117/4 + 4/(-16). What is the highest common divisor of t and k?
29
Let k(j) = j**3 + 4*j**2 - j + 12. Let q be k(-4). What is the greatest common factor of q and 288?
16
Suppose 0 = 2*x - 0*x - 4*l, l = x - 1. Let t be -1*x/(-3)*3. Let y(g) = 5*g**3 - g**2 - 1. Let j be y(t). What is the highest common divisor of 7 and j?
7
Let a be 648/189*(21/(-6))/(-1). What is the highest common divisor of 1884 and a?
12
Let r = 87 + -35. Calculate the greatest common divisor of 52 and r.
52
Let s be 3*-1 - (-3 - -55). Let w = 111 + s. Calculate the highest common factor of 14 and w.
14
Suppose 3*p = 3*c + 9, 3*p + 4*c - 15 = c. Let z = p + -1. Suppose -k = -2*k + 27. What is the highest common factor of z and k?
3
Suppose 23*n - 12*n = 275. What is the highest common divisor of 725 and n?
25
Suppose 4*n - 7*b = -3*b + 284, -3*b = 3*n - 201. Calculate the greatest common factor of n and 23.
23
Let q(r) = -27*r**2 + 3. Let a be q(2). Let m be (-1)/(5/a + 0). Calculate the greatest common divisor of m and 28.
7
Suppose 5*y = 2*p - 145, p + 9*y - 7*y - 68 = 0. What is the highest common divisor of 196 and p?
14
Let w be -72*(-4 + -1 - -9)/(-3). What is the highest common divisor of 2 and w?
2
Let h(m) = m**3 - 27*m**2 + 27*m - 4. Let u be h(26). Let r be ((-2)/(4/6))/(u/(-110)). What is the highest common divisor of 105 and r?
15
Let g(b) = b**2 - 13*b - 11. Let v be g(14). Suppose 2*q = 4*p + 4*q - 62, v*q = p + 2. What is the greatest common divisor of 26 and p?
13
Let f(z) = -64 - 3*z + 4*z + 66. Let y be f(0). Suppose -146 = -y*o - 58. Calculate the highest common divisor of o and 4.
4
Let a be 1038/4 - (-3)/6. Let k(s) = 4*s**2 - 34*s + 90. Let q be k(5). Calculate the greatest common factor of a and q.
20
Let v be (5/4)/((-40)/(-800)). Calculate the greatest common divisor of 45 and v.
5
Suppose 0 = z - 6*z - 445. Let k = z + 143. What is the greatest common divisor of k and 432?
54
Let l = -61 - -69. Suppose -l*c - 148 = -1604. What is the highest common factor of 14 and c?
14
Suppose 2278 = 3*z - 698. What is the greatest common factor of z and 62?
62
Let g = -2 - -62. Calculate the greatest common factor of g and 300.
60
Suppose 4*z + 26 = 2*v, 5*z - 9 = 3*v - 46. What is the highest common divisor of 306 and v?
9
Let j = 34 - -4. Suppose 0 = 37*n - j*n + 4. Calculate the greatest common divisor of n and 8.
4
Let h(i) = -2*i - i + 75 - 50. Let s be h(7). What is the highest common factor of 32 and s?
4
Suppose -8 = -4*z - 12. Let m be (z - 0) + -2 + 15. Calculate the greatest common factor of 60 and m.
12
Let a(l) = -8*l**3 - 2*l**2 + l + 4. Let i be a(-3). Suppose -5*z + i = 24. Calculate the greatest common factor of z and 5.
5
Suppose -m = -2*x + 392, 2*m - 104 = -x + 102. What is the highest common factor of 22 and x?
22
Let k(y) = -y**2 + 50*y - 256. Let c be k(38). Calculate the highest common divisor of c and 175.
25
Let z be (1/3)/(4/96). Suppose 1 + z = -i. Let y be 60/i*42/(-4). What is the highest common factor of y and 14?
14
Let a = -24 - -24. Suppose -13*r + 10*r + 117 = a. Suppose -2*j + r = j. Calculate the greatest common divisor of 13 and j.
13
Let g be (-1 + 15/20)/(5/(-180)). Let k be (-565)/(-7) + 4/14. Calculate the greatest common factor of k and g.
9
Suppose s = -s + 8, -2*p + 5*s = 264. Let k = -76 - p. What is the greatest common factor of k and 23?
23
Let a = 55 + -19. Let m be (-4)/(-2 - (-69)/a). Suppose -5*c + m = -2*c + 3*z, 2*c - 52 = 2*z. Calculate the greatest common factor of c and 14.
7
Let d = 953 - 892. What is the highest common factor of 61 and d?
61
Let y(i) = -2*i. Let v be y(-1). Suppose 49*o - 56*o = -126. What is the greatest common factor of v and o?
2
Let w(v) = -v**2 + 7*v - 7. Let l be w(5). Suppose 0 = -2*n - 4*r - 84, 115 = -4*n - 3*r - 33. Let m = n - -46. What is the greatest common divisor of m and l?
3
Let p = -722 - -1478. What is the greatest common divisor of 7 and p?
7
Let o = -2233 - -2394. What is the greatest common divisor of 23 and o?
23
Let w = 69 - 13. Let u = 64 + w. What is the highest common divisor of u and 40?
40
Suppose 9 - 1 = 2*s. Suppose s*u + t - 443 = -4*t, 5*u = 4*t + 564. Calculate the highest common divisor of u and 16.
16
Suppose 6*b + 14*b = 7840. What is the highest common divisor of 147 and b?
49
Suppose 10 = -5*q + 25. Suppose 10*i = q*i + 98. What is the highest common divisor of i and 224?
14
Suppose 0*i - 5*i = 3*w - 135, 15 = -3*w. Suppose -5*p = -55 - i. What is the highest common factor of 34 and p?
17
Let p = 7 + -10. Let q be (5/p - -1)*-123. Let u = q - 43. Calculate the greatest common divisor of 13 and u.
13
Let i(g) = -g**3 + 3*g**2 + 2*g - 3. Let z be i(3). Let p = z + 49. Calculate the highest common factor of p and 13.
13
Let b(h) = h**3 + 14*h**2 - h + 85. Let y be b(-14). Let j = 7 - -2. Calculate the highest common factor of j and y.
9
Let w be (-3 - -1)/(-1 + -1). Suppose -j = 2 - w. Let n(h) = 58*h**2 + 2*h + 1. Let g be n(j). Calculate the gr